 = -2*q + 774. What is the units digit of d(-6)?
6
Let y = -10738 - -49152. What is the ten thousands digit of y?
3
Suppose -8*p + 7*p - 4 = 0. Let g be (6/p)/(21/(-6104)). Suppose -5*l = -l - g. What is the units digit of l?
9
Let r = 52141 - 23541. What is the tens digit of r?
0
Let i(z) = -z**3 - 8*z**2 - 9*z - 12. Let o = 42 - 49. Let p be i(o). Suppose -c = -h - 47 + 6, -p*h = 2. What is the tens digit of c?
4
Suppose -2*j = -18*j + 80. Suppose -j*w - 1 = -16. Suppose 342 = 3*n + 3*i, 8*n - 5*i = w*n + 520. What is the units digit of n?
9
What is the tens digit of (147627/(-30))/(84/70)*-4?
0
Suppose 0 = -3*w + a + 99, -w = -2*a - 3*a - 33. Let k be (951/w - -2) + (-14)/(-77). What is the tens digit of k/(-4)*672/(-24)?
1
Let f be (-4070)/(-11) - (2 - 7). Let o = -241 + f. What is the tens digit of o?
3
What is the tens digit of 5 + (-206908)/(-39) - 1*(-1)/(-3)?
1
Let h = -480 + 3538. What is the units digit of h/10 + 6/30?
6
Let a = -6717 - -8301. What is the tens digit of a?
8
Let g(f) = -141*f + 562. What is the units digit of g(-79)?
1
Suppose -2*z = 7*z + 2598 - 12120. What is the hundreds digit of z?
0
Let c = -9736 + 27080. What is the ten thousands digit of c?
1
Suppose -5*t - 4*r + 6811 = 0, -8 = 6*r - 8*r. Suppose -3*m + 6*m - t = 0. What is the units digit of m?
3
Let w be 0/(-2)*(4 - 0 - 3). Suppose w*g - 4*g = -12. What is the tens digit of 6*g/18 - (0 - 76)?
7
Suppose 3 = b, h - 10 = 4*b - 84. Suppose 0 = 4*p - r - 285, 3*r + 138 = 2*p + 7*r. Let s = p - h. What is the hundreds digit of s?
1
Let x be 2 + -2 - 213/(-6)*8. Let z = x - 200. What is the tens digit of z + (-3 - -7)/(-2)?
8
Let n be 1001 + 7 + -6 + 3. Suppose -13*p + 7128 - n = 0. What is the hundreds digit of p?
4
Let x(v) = -v**3 + 17*v**2 - 15*v - 20. Let m = -15 + 31. Let c be x(m). What is the units digit of (c + 0)*(-14 - -4)?
0
Let r be -187 + (0 + 2)/((-2)/3). Suppose -3*n + k + 0*k + 829 = 0, 5*k + 845 = 3*n. Let z = r + n. What is the units digit of z?
5
Let j(d) = -2*d**2 - 7*d - 3. Let c(q) = q**2 - 23. Let a be c(-4). Let z be j(a). Let k = -25 - z. What is the tens digit of k?
2
Let q be (-16)/(-2) - (-8 + 3 - -3). What is the units digit of 8/(-2) - 22*(-15)/q?
9
Let n(c) = 3864*c + 127. What is the units digit of n(3)?
9
Let n(x) = -13*x + 10. Let p be -3 + (-22)/(3 + (-26)/8). Let d = p - 96. What is the tens digit of n(d)?
5
Suppose -4*f - 5*t = -881, 3*f + 90 = -3*t + 753. Let d = f - 130. What is the tens digit of d?
9
Let u = 1060 + -2014. Let m = 1452 + u. What is the units digit of m?
8
Let n(q) = q**2 + q - 1. Let i be n(-3). Let s be 1 + 253 + (18 - 7 - 6). Suppose i*d + 24 = s. What is the units digit of d?
7
Let l(g) = g**3 - g**2 - g - 37. Let b(n) = n**3 - n**2 - 3*n - 38. Let m(i) = -2*b(i) + 3*l(i). What is the hundreds digit of m(6)?
1
Let c(d) = -150*d**3 - 54*d**2 - 275*d - 11. What is the hundreds digit of c(-5)?
7
Let b = 1143 - 762. Suppose -b - 8827 = -8*j. What is the thousands digit of j?
1
Suppose k - 3*k + 2622 = -4*s, -5*k + 1299 = -2*s. What is the units digit of -3 - (8 - 17) - s?
3
Suppose -4*g + 20 = -0*g. Suppose o - 2*u = 404, 0*o = g*o + u - 2020. Suppose -5*b = -b + 4*h - o, -5*b + 505 = 4*h. What is the hundreds digit of b?
1
Let i(d) = -3*d - 9. Let l(k) = -k. Let p(s) = i(s) - 5*l(s). Let w be p(7). Suppose -w*x = -5*t - 230, -x = -4*x - 5*t + 154. What is the units digit of x?
8
Let i(r) = 85*r**2 - 63*r - 400. What is the hundreds digit of i(-12)?
5
Let f = -2221 + 10811. What is the thousands digit of f?
8
Suppose -7*s - 5*r = -2*s - 5, -3*s = 2*r - 1. Let j(y) be the second derivative of -4*y**5 + y**3/6 + y**2/2 + 4747*y. What is the units digit of j(s)?
0
Let g be (1 + 1)*(4 - 4/(-4)). Let k(n) = 5*n + n**2 + 2*n + 0*n - g - 5*n. What is the tens digit of k(-7)?
2
Suppose -b + 482 = -3*d - 2*d, 473 = -5*d + 4*b. Let j = d - -99. Let s(a) = 61*a + 3. What is the tens digit of s(j)?
2
Let y(x) = -20*x - 1. Let v be y(-1). Suppose -5*m + 100 = -10*m - 4*d, m = -d - v. What is the tens digit of (m - 1)/(2*1/(-8))?
0
Let t be 3/(-1) + 15/5. Suppose -5*m + 15 = 0, 0 = 5*a - 4*m - t + 2. Suppose 5*j + 286 = 2*z + 74, 0 = -a*z + 3*j + 212. What is the tens digit of z?
0
Let u be (12/3)/((-21)/9 - -3). Suppose 0 = -u*j + 2*j - 3*x - 15, 4*j = -x - 5. Suppose -4*g = -0*f - 2*f - 264, j = f - 4. What is the tens digit of g?
6
Let m(g) = -83*g - 14. Let k be m(-9). Suppose 8*l + k = 3421. What is the hundreds digit of l?
3
Suppose -38*i + 118449 = -11*i. Suppose i + 1823 = 6*d. What is the units digit of d?
5
What is the tens digit of (-1 - 1249)/(-2 + (-16)/28*-3)?
7
Let t be (3 - (-6)/3) + 4 + -6. Suppose -3*a - t = -9. Suppose -a*j = 4*x - j - 1018, -249 = -x - 3*j. What is the tens digit of x?
5
Suppose -3*b - 124 = -5*a - 1399, -4*b = -5*a - 1700. Suppose 5*m + b = 8*m + 2*v, -569 = -4*m - 5*v. What is the units digit of m?
1
Let p(l) = l**3 - 3*l**2 - 8*l - 6. Let n be p(5). Suppose -58 = -n*f - t, 4*f - 5*t + 0*t = 70. What is the hundreds digit of 3/(f/10)*(-502)/(-4)?
2
Suppose 0 = -2*b + 5*a - 2034, -14*b = -19*b + 5*a - 5100. Let u = -223 - b. What is the tens digit of u?
9
Let a = 7854 + -1381. What is the hundreds digit of a?
4
What is the units digit of (-5)/15*-1923 - (-17 - -22)?
6
What is the thousands digit of 8/28 + (-1576440)/(-203)?
7
Suppose 70 = -g - u + 424, 4*g = 2*u + 1386. Suppose -3*j + 346 = -2*m + j, 4*m = 5*j - 698. Let s = m + g. What is the units digit of s?
2
Let a(s) be the first derivative of -3*s**4/4 - 20*s**3/3 - 25*s**2/2 - 12*s + 9. What is the units digit of a(-9)?
0
What is the hundreds digit of (-192292)/(-18) - 470/(-423)?
6
Let n = -9306 + 14317. What is the tens digit of n?
1
Suppose -6 = -78*q + 81*q, 4*i - 5*q = 5990. What is the hundreds digit of i?
4
What is the units digit of (16487 - 7) + ((-2)/5)/((-4)/(-60))?
4
Let r(z) be the second derivative of 41*z**3/6 + 59*z**2/2 + 4*z. What is the tens digit of r(3)?
8
Suppose -5*f - 12195 = -3*o + 19973, -3*o + 32213 = 4*f. What is the hundreds digit of o?
7
Let q = -2001 - -26601. What is the thousands digit of q?
4
Let t(q) = 23*q + 25. Let d be ((-4)/(-12))/(4/(-60)). Let o be t(d). What is the units digit of o/25*40/(-12)?
2
Let p(w) = -52*w - 2. Suppose 0 = -4*x + 4*k - 4, -2*k + 2 = -0*x - 4*x. Let s = -1 - x. What is the tens digit of p(s)?
5
Let k = 644 + -305. Suppose 5*f - k = 181. Suppose 100*d = f*d - 764. What is the hundreds digit of d?
1
Suppose u - 10 + 6 = 0. Let j = -40 + 240. Suppose u*w - j = 84. What is the units digit of w?
1
Suppose d = -594 + 8560. What is the hundreds digit of d?
9
Let o(z) = 165*z**3 + 5*z**2 - 88*z + 363. What is the units digit of o(4)?
1
Let t(k) = 5*k**2 - 107*k - 106. What is the hundreds digit of t(58)?
5
Let h(z) = -2*z**2 + z + 139. Let q be h(0). Suppose 5*b - q = 131. Suppose 7*g - b = 324. What is the tens digit of g?
5
Let n be (-3 - -11 - 6) + 3219. Suppose 18*k + n = 10709. What is the tens digit of k?
1
Let c = 63 + -58. Suppose c*s = 312 + 18. Let k = 22 + s. What is the tens digit of k?
8
Let g(u) = 5*u**3 + 11*u**2 + 13*u + 99. What is the hundreds digit of g(8)?
4
Let o(b) = 12*b**2 + 27*b + 142. Suppose 5*f - 5 = 0, -4*f + 35 = -3*d + f. What is the tens digit of o(d)?
7
Suppose -72 = 4*l + 5*l. Let f(u) = u**2 + 12*u + 38. Let q be f(l). Suppose 20*b = q*b + 1708. What is the tens digit of b?
2
Suppose 0 = -2*a - 46 + 134. Suppose -7*v + a + 68 = 0. Suppose 166 = 6*j + v. What is the tens digit of j?
2
Suppose -346 + 2786 = 3*d - 4*g, -3*g + 4028 = 5*d. What is the units digit of (111/(-74))/((-6)/d)?
2
Let q be (3/(-9))/((-1)/264). Suppose 116*x - q = 115*x. What is the units digit of x?
8
Let m(r) be the first derivative of -r**4/2 + 7*r**3/3 + 6*r**2 + 40. What is the tens digit of m(-6)?
1
Let q be ((8 + -8)/(2 + -1))/(-2). What is the tens digit of 1 + 0 - (-148 + q)?
4
Let a(w) = -w**3 - 13*w**2 + 10*w + 33. Let f be a(-17). Let v = 1590 - f. What is the tens digit of v?
7
Let b(y) = 5*y**2 + 5*y - 2. Let r be b(3). Let z = r + -25. What is the units digit of z?
3
Suppose -2*z + 11 = d, -9*z - 3*d = -6*z - 15. Suppose -3*p = z*y - 7*y + 1331, 4*p = -20. What is the units digit of y?
6
Let o(z) = -4*z - 12. Suppose v = 4*y + 15, v - 9 = 2*y - 0*v. 